 factor of 18 and r?
18
Suppose -2*b + 7 = 2*u - b, 0 = 4*u + 5*b - 5. Calculate the greatest common divisor of u and 40.
5
Suppose 2*g - 5 = 4*h - 61, h - 4 = 3*g. Calculate the greatest common factor of h and 88.
8
Suppose 2 = -2*b - 0. Let t be 5*(0 - 1/b). What is the greatest common factor of 25 and t?
5
Let c be 1/(31/30 - 1). Let d be (-9)/12 + (-22)/(-8). Let m = d - -4. What is the greatest common factor of m and c?
6
Suppose -4*g + 10*g - 12 = 0. Suppose g*l - 53 = -5*q + 7, q + 15 = 5*l. What is the highest common factor of 10 and q?
10
Suppose -4*a + 52 = -8. What is the greatest common factor of a and 10?
5
Let z = -4 - -22. Let r be z/(-27) - (-634)/6. Suppose 0 = -3*c - a + 30 + 20, 3*a + 45 = 4*c. What is the greatest common factor of c and r?
15
Let o(s) be the first derivative of -7*s**2/2 - 8*s - 2. Let q be o(-6). Suppose 10 = 2*i - 24. Calculate the highest common divisor of i and q.
17
Let d(s) = -20*s**3 - s**2. Let a be d(-1). Calculate the greatest common divisor of a and 19.
19
Suppose -5*z - 46 = f, -3*f = -z + 15 - 37. Let u = 14 + z. What is the greatest common divisor of 8 and u?
4
Suppose 5*n + b = 100 - 29, 4*b - 44 = -4*n. Let j(u) = -u - 4. Let g be j(-7). Calculate the highest common factor of g and n.
3
Let p be (-1040)/(-180) + 4/18. Suppose -6*t = -4*t - 8. Let u be (-4 - 0)*(-54)/t. Calculate the greatest common divisor of p and u.
6
Suppose 149 = 4*v + 5*u, -v - 3*u = -2*u - 38. What is the highest common divisor of 451 and v?
41
Let f be 3/2 + (-15)/(-6). Suppose 3 = 7*g - f*g. What is the highest common divisor of 3 and g?
1
Let y(j) = -j**3 - 7*j**2 + 5. Let t be y(-7). Suppose -46 = t*r - 316. What is the greatest common divisor of r and 18?
18
Let b be 1*(-4)/(12/(-21)). What is the greatest common factor of 14 and b?
7
Suppose -1584 = -6*x - 0*x. Calculate the highest common factor of x and 24.
24
Let v be 398/5 + 4/10. Let w be 5/(-2 - (-18)/8). What is the greatest common factor of w and v?
20
Let j = -2 - -3. Let d(h) = -h**2 - 7*h + 9. Let w be d(-7). Let g be w/2 + (-1)/2. What is the greatest common factor of g and j?
1
Let g = -54 + 75. What is the greatest common divisor of 21 and g?
21
Let r(a) = -5*a - 2. Let w be r(-3). Let c = w + -11. Suppose 0 = -0*y - 2*y + 10. What is the highest common divisor of y and c?
1
Let j(n) = 9*n**2 - 4*n + 1. Suppose -7*l + 12 = -3*l. Let w be j(l). Let i = 13 + -3. Calculate the highest common divisor of w and i.
10
Let j = 0 + 0. Suppose j = -2*x - 2*x + 64. Let h be 4 + -7 + (-1)/(1/(-7)). What is the highest common divisor of x and h?
4
Suppose -10*t = -28 - 12. What is the highest common factor of t and 16?
4
Let z(g) = g**2 - g + 4. Let j be z(3). Let w be (-6)/27 - (-704)/9. Let a = -28 + w. What is the greatest common factor of j and a?
10
Let p = -5 - -7. Let d(t) = t**2 - t. Let u be d(p). Calculate the greatest common factor of u and 16.
2
Let q be 10*3/30*4. Let b be 1*q/(16/12). What is the greatest common divisor of b and 9?
3
Let p be (-4)/6 - (-18)/27. Suppose 4*i + p*i - 72 = 0. What is the greatest common divisor of i and 6?
6
Let j(y) = -y - 1. Let q be j(-9). Calculate the highest common divisor of q and 32.
8
Let w = 105 - 70. What is the greatest common factor of 5 and w?
5
Suppose 2*w = 5*w. Let l(o) = o + 17. Let k be l(w). Suppose 5*h - 109 + 24 = 0. Calculate the greatest common factor of k and h.
17
Suppose 0 = -l + 3*c + 9, l + 3*c = -l - 18. Let r be (-2 + -4)*35/l. What is the greatest common factor of r and 28?
14
Suppose 5*t = -4*r - 52 + 230, t = 5*r - 208. What is the greatest common factor of 6 and r?
6
Suppose -55 = 4*x + b - 6*b, -x + 2*b - 13 = 0. Let a be -10*6/x*1. What is the greatest common factor of a and 4?
4
Suppose -7 - 7 = -2*b. Let p = -46 + 102. What is the greatest common divisor of b and p?
7
Let s = 4 - 2. Let u(w) = -w**2 - 7*w + 16. Let l be u(-7). Calculate the highest common factor of s and l.
2
Suppose 2*y - y = 76. What is the greatest common divisor of y and 19?
19
Let n = -87 + 108. What is the highest common factor of 14 and n?
7
Let p be (-1 - -2 - 1) + -3. Let n be -13 - 1/(p/(-3)). Let k = n - -26. What is the greatest common factor of k and 12?
12
Let q be (-2)/(-6) + (-1580)/(-12). Suppose 0 = z - 3*i - 61, 2*z + 5*i - 23 - q = 0. What is the highest common divisor of z and 14?
14
Suppose -2*q - 35 + 3 = 0. Suppose 3*m + 3*g + 24 = 0, 0 = -2*g + 1 + 3. Let t = m - q. What is the greatest common divisor of t and 66?
6
Suppose n + 1 - 4 = 0. Suppose n*g + h = 2*h + 64, -5*g = h - 96. What is the highest common divisor of 10 and g?
10
Let y = 1 - -1. Suppose 10 + 65 = -5*v. Let c be (-1)/(-2) - v/y. What is the greatest common divisor of 72 and c?
8
Let h = 483 - 255. Calculate the greatest common divisor of h and 12.
12
Let x(j) = 13*j + 1. Let f be 9/6 - 2/4. Let i be x(f). Suppose -5*o = -4 + i, 4*o + 107 = 3*r. Calculate the highest common divisor of 22 and r.
11
Let d(f) = 6*f - 6. Let j be d(5). Let p(g) = -g**2 + 8*g + 6. Let q be p(9). Let n be ((-2)/q)/(1/12). What is the greatest common divisor of j and n?
8
Let u(g) = g**2 - 34*g + 37. Let z be u(33). Suppose -20 = -10*m + 5*m. What is the greatest common divisor of m and z?
4
Let p(s) = -2*s - 5. Let q be p(-6). What is the greatest common divisor of q and 49?
7
Let x = 1 - -1. Suppose x*b - 9 = -b. What is the greatest common divisor of b and 33?
3
Let m(z) = -z**2 + 4*z. Let u be m(4). Suppose 0 = 3*l - c - u*c - 162, 3*l = -4*c + 162. Let t be (4/6)/(1/l). Calculate the highest common divisor of t and 9.
9
Let r = 2 + -3. Let p be 1*(2 + (-1 - r)). Suppose p*y + 5*n - 99 - 113 = 0, -2*y + 4*n + 176 = 0. What is the greatest common divisor of y and 12?
12
Let b(i) = 5*i + 4. Let w be b(4). Suppose 2*l - 6 = -l. Suppose 0*h - l*f = -4*h + 60, -3*f = -4*h + 58. What is the highest common divisor of w and h?
8
Let y = -7 - -27. Let u be 5/2*56/1. What is the highest common divisor of u and y?
20
Let j = -77 - -152. What is the greatest common factor of 25 and j?
25
Suppose -4*h = 4*v - 20, -4*v + 0*h + 18 = 2*h. Calculate the greatest common divisor of 12 and v.
4
Suppose -3*t + 0 = -2*f + 7, 3*t - 49 = -5*f. What is the greatest common factor of f and 8?
8
Suppose 5*q + 2*r + r = -270, -q = -2*r + 54. Let a = -26 - q. What is the highest common factor of 84 and a?
28
Let l(n) = -n**3 + 3*n**2 + 8*n - 10. Let a be l(4). What is the highest common divisor of 48 and a?
6
Suppose -2*q - 3*k = -54, -6*q + 4*q - 5*k + 62 = 0. What is the greatest common factor of 7 and q?
7
Suppose 4*a = 1 + 15. Suppose -a*m = m + 10. Let i be ((-2)/(-4))/(m/(-24)). What is the highest common factor of i and 18?
6
Let d = -43 + 55. Calculate the highest common divisor of 96 and d.
12
Let k be 1/3 + (-5)/(-3). Let b be (k*-1)/(8/(-44)). Let r = -31 - -53. Calculate the greatest common divisor of r and b.
11
Let o(d) be the second derivative of 0 + 2*d - 3/2*d**2 + 13/6*d**3. Let t be o(7). Calculate the greatest common divisor of 8 and t.
8
Let t be -7*(-4)/(-3)*(-12)/8. Calculate the highest common divisor of 2 and t.
2
Let h(b) = 8*b - 5. Let f(q) = -q - 1. Let a be f(-6). Let l be h(a). Calculate the highest common factor of 14 and l.
7
Let d(b) = -b**3 - 5*b**2 - 6*b - 9. Let v be d(-5). Calculate the highest common divisor of 3 and v.
3
Let p = -13 - -14. Let y(g) = 6*g. Let k be y(p). Calculate the greatest common factor of k and 3.
3
Let d = 40 - 28. Calculate the highest common factor of d and 24.
12
Let v = 11 - 15. Let c(f) = -2*f + 4. Let a be c(v). Let m = 61 + 35. What is the greatest common factor of a and m?
12
Let c(m) = m**3 - 4*m**2 + 2*m - 5. Let t be c(4). Suppose t = -4*y + 27. Calculate the greatest common factor of 42 and y.
6
Suppose 0 = -0*u - 5*u - a + 34, 0 = -4*u + 5*a + 4. Let y be (-2 + -32)*(-3)/6. Let w = 20 - y. Calculate the highest common divisor of w and u.
3
Suppose 4*h + 4*a + 496 = h, -5*h + a = 865. Let n be 1/2*h/2. Let o = 101 - n. Calculate the greatest common factor of 18 and o.
18
Let r(k) = 12*k**2 + 2*k. Let g be r(-2). Calculate the highest common divisor of g and 11.
11
Let i be (-135)/(-6)*10/15. Suppose -60 = -4*d - 5*p, -p - 4*p + i = d. Calculate the greatest common factor of d and 5.
5
Let d(f) = 